NOAA-Style Climate Reports

Select a Year or Month report
2024: Jan Feb Mar Apr May Jun Jul Aug Sep Oct Nov Dec

Report for 2024 June

Daily NOAA report



                            MONTHLY CLIMATOLOGICAL SUMMARY for JUN. 2024

NAME: Graniteville3.9 ENE   CITY: Graniteville STATE: South Carolina
ELEV: 490 LAT: 033:34:32 LONG: 0081:47:23

                            TEMPERATURE ( °F), RAIN (in.), WIND SPEED (mph)

                                               HEAT     COOL           AVG
      MEAN                                     DEG      DEG            WIND                       DOM
DAY   TEMP    HIGH   TIME     LOW    TIME      DAYS     DAYS    RAIN   SPEED    HIGH    TIME      DIR
--------------------------------------------------------------------------------------------------------
01    72.1   085.2   15:00    57.4   06:38     00.0     07.2   00.00   01.4     13.0    12:54      SE
02    74.1   084.3   16:17    68.3   08:08     00.0     09.1   00.03   01.1     09.0    20:17     SSE
03    75.8   087.7   16:42    66.5   05:50     00.0     10.9   00.00   00.8     08.0    10:38     SSE
04    77.2   089.2   12:33    70.4   07:11     00.0     12.3   00.00   01.2     14.0    16:54      SE
05    76.1   088.5   13:14    67.5   03:38     00.0     11.1   01.32   01.2     10.0    19:46     SSE
06    78.3   090.9   15:06    69.6   06:38     00.0     13.3   00.00   00.8     10.0    14:05      SW
07    79.4   090.6   14:42    68.8   00:00     00.0     14.4   00.00   00.9     11.0    14:31      W 
08    76.4   088.8   14:55    64.8   04:10     00.0     11.5   00.00   00.8     09.0    11:46      NE
09    80.4   093.7   13:55    64.5   06:10     00.0     15.4   00.00   00.9     10.0    16:11     WNW
10    74.4   081.5   17:39    67.8   07:06     00.0     09.4   00.55   00.6     10.0    05:13     NNE
11    76.3   087.0   15:43    65.8   06:50     00.0     11.4   00.00   00.8     08.0    18:02      E 
12    78.3   089.5   15:32    66.2   06:16     00.0     13.4   00.00   01.1     12.0    13:19     ESE
13    71.0   076.6   00:04    69.3   06:26     00.0     06.0   00.00   00.9     06.0    03:49     ENE
14    66.4   073.7   01:02    65.5   04:39     00.0     01.5   00.00   00.1     06.0    00:55      E 
15    75.1   076.9   00:37    65.6   00:08     00.0     10.1   00.00   00.1     03.0    23:53     NNE
16    81.3   092.8   15:42    71.9   05:11     00.0     16.4   00.00   01.3     15.0    18:06      SE
17    80.9   089.5   15:27    73.2   07:11     00.0     15.9   00.00   01.7     13.0    17:48     ESE
18    78.7   088.1   14:55    68.2   06:42     00.0     13.7   00.00   01.9     14.0    11:51     ESE
19    78.3   089.2   15:07    67.1   06:49     00.0     13.4   00.00   01.8     14.0    15:33      E 
20    79.0   089.8   14:37    66.7   06:10     00.0     14.0   00.00   01.5     15.0    13:23      E 
21    80.3   092.5   14:57    65.0   06:38     00.0     15.4   00.00   01.6     12.0    15:42      E 
22    82.4   092.9   15:39    75.0   04:51     00.0     17.5   00.00   01.4     11.0    12:31     ESE
23    83.9   095.5   15:47    73.7   05:00     00.0     18.9   00.00   00.8     07.0    15:01      SE
24    85.3   098.7   14:51    73.0   06:17     00.0     20.4   00.00   00.8     10.0    15:24      SW
25    86.3   100.1   14:27    73.3   06:43     00.0     21.4   00.00   01.1     12.0    21:24     ENE
26    87.1   102.2   15:13    74.3   06:25     00.0     22.1   00.00   01.3     11.0    20:34      SE
27    76.5   080.1   00:02    73.0   06:26     00.0     11.6   00.00   00.8     03.0    07:32     ESE
28    75.3   076.9   00:09    74.2   03:19     00.0     10.3   00.00   00.8     03.0    05:45     SSE
29    75.3   077.7   00:11    75.1   00:00     00.0     10.4   00.00   00.1     03.0    02:33      SE
--------------------------------------------------------------------------------------------------------
78.0 (78.5)   102.2  day 26     57.4  day 01   000.0    378.5   01.90   01.0     15.0   day 19     ESE
Max >  86: 20
Min <  86: 29
Max Rain: 1.32 ON 5-06-24
Days of Rain: 3 (> .008in) 2 (> .08in) 1 (> 0.8in)