NOAA-Style Climate Reports

Select a Year or Month report
2024: Jan Feb Mar Apr May Jun Jul Aug Sep Oct Nov Dec

Report for 2024 May

Daily NOAA report



                            MONTHLY CLIMATOLOGICAL SUMMARY for MAY. 2024

NAME: Graniteville3.9 ENE   CITY: Graniteville STATE: South Carolina
ELEV: 490 LAT: 033:34:32 LONG: 0081:47:23

                            TEMPERATURE ( °F), RAIN (in.), WIND SPEED (mph)

                                               HEAT     COOL           AVG
      MEAN                                     DEG      DEG            WIND                       DOM
DAY   TEMP    HIGH   TIME     LOW    TIME      DAYS     DAYS    RAIN   SPEED    HIGH    TIME      DIR
--------------------------------------------------------------------------------------------------------
01    71.0   084.7   14:20    60.4   05:49     00.0     06.1   00.00   00.5     06.0    15:38     WSW
02    75.0   089.2   15:03    61.2   07:04     00.0     10.1   00.00   00.8     10.0    13:47     ESE
03    75.3   089.1   14:29    66.6   05:31     00.0     10.4   00.00   00.7     08.0    11:21      SE
04    71.2   077.3   18:15    66.6   22:27     00.0     06.3   00.64   00.5     07.0    21:22     SSE
05    73.0   084.0   15:07    67.0   06:23     00.0     08.0   00.16   00.6     08.0    16:01      S 
06    71.8   080.0   14:40    67.0   00:00     00.0     06.9   00.36   00.7     08.0    22:45     SSE
07    75.8   088.5   14:20    64.8   07:01     00.0     10.9   00.00   00.8     10.0    15:18      SW
08    77.7   089.6   14:43    68.3   06:52     00.0     12.8   00.00   00.7     09.0    18:20      SW
09    69.1   075.5   01:21    65.3   11:32     00.0     04.2   01.07   00.7     10.0    04:24      S 
10    71.2   081.3   14:18    64.6   06:21     00.0     06.2   00.03   01.1     15.0    18:31     WSW
11    65.1   076.8   13:50    51.4   06:53     00.0     00.2   00.00   00.8     10.0    17:33      W 
12    68.3   080.3   14:42    55.0   07:02     00.0     03.4   00.00   00.6     09.0    14:53      W 
13    65.8   072.7   13:31    57.6   05:48     00.0     00.9   00.03   00.7     15.0    17:01      SE
14    70.8   079.6   18:20    64.8   02:24     00.0     05.9   00.14   00.8     09.0    01:07     SSE
15    72.0   083.7   13:00    65.9   23:52     00.0     07.0   00.13   00.7     21.0    16:40     WSW
16    72.9   085.0   14:10    61.6   06:40     00.0     08.0   00.00   00.6     07.0    16:01     NNW
17    71.6   078.6   14:40    65.5   05:25     00.0     06.6   00.00   00.2     05.0    18:07     ESE
18    70.7   078.6   14:36    66.9   22:02     00.0     05.8   00.05   00.4     10.0    15:27     SSE
19    68.6   073.3   16:06    62.6   00:00     00.0     03.6   00.00   00.9     10.0    15:49     NNE
20    70.2   082.1   15:00    58.8   06:47     00.0     05.2   00.00   00.9     10.0    12:46      NE
21    72.6   084.4   15:03    58.7   06:59     00.0     07.7   00.00   00.8     10.0    13:00      E 
22    75.4   088.8   14:45    62.9   05:15     00.0     10.4   00.00   00.6     07.0    10:36     ESE
23    78.7   090.2   13:25    68.4   06:58     00.0     13.8   00.00   00.6     09.0    12:43      S 
24    76.2   091.3   15:21    65.9   20:16     00.0     11.2   00.61   00.7     14.0    19:52     SSW
25    74.2   085.1   13:56    67.9   06:40     00.0     09.2   00.22   00.5     10.0    14:47      NW
26    78.2   091.2   15:16    65.6   06:21     00.0     13.2   00.00   00.7     08.0    15:13      W 
27    78.6   087.7   14:36    73.4   06:41     00.0     13.7   00.00   01.0     14.0    11:29      SW
28    78.4   090.2   14:15    68.7   06:00     00.0     13.5   00.00   00.9     11.0    16:33      W 
29    74.6   088.2   13:42    60.5   06:38     00.0     09.7   00.00   00.7     10.0    16:26     WNW
30    71.8   083.5   14:23    60.0   06:17     00.0     06.8   00.00   00.8     09.0    09:18      N 
31    71.2   084.0   14:05    57.0   06:13     00.0     06.2   00.00   01.2     12.0    09:57     ENE
--------------------------------------------------------------------------------------------------------
72.8 (73.6)   91.3  day 24     51.4  day 11   000.0    243.8   03.41   00.7     21.0   day 24      S 
Max >  86: 11
Min <  86: 31
Max Rain: 1.07 ON 9-05-24
Days of Rain: 11 (> .008in) 8 (> .08in) 1 (> 0.8in)