NOAA-Style Climate Reports

Select a Year or Month report
2024: Jan Feb Mar Apr May Jun Jul Aug Sep Oct Nov Dec

Report for 2024 April

Daily NOAA report



                            MONTHLY CLIMATOLOGICAL SUMMARY for APR. 2024

NAME: Graniteville3.9 ENE   CITY: Graniteville STATE: South Carolina
ELEV: 490 LAT: 033:34:32 LONG: 0081:47:23

                            TEMPERATURE ( °F), RAIN (in.), WIND SPEED (mph)

                                               HEAT     COOL           AVG
      MEAN                                     DEG      DEG            WIND                       DOM
DAY   TEMP    HIGH   TIME     LOW    TIME      DAYS     DAYS    RAIN   SPEED    HIGH    TIME      DIR
--------------------------------------------------------------------------------------------------------
01    69.6   080.0   16:02    60.8   06:39     00.0     04.7   00.00   00.8     11.0    14:35      SW
02    71.8   082.2   14:39    64.2   07:35     00.0     06.9   00.00   01.1     12.0    15:40     SSW
03    67.1   073.6   13:53    51.5   23:38     00.0     02.1   00.34   02.1     17.0    04:49      SW
04    54.7   064.7   16:47    44.9   07:23     10.3     00.0   00.00   01.8     19.0    13:35     WSW
05    53.1   064.5   14:46    40.0   07:08     11.8     00.0   00.00   01.0     11.0    15:08     WSW
06    51.4   064.5   17:16    37.6   07:22     13.6     00.0   00.00   00.7     09.0    13:55      NW
07    56.6   070.4   17:00    43.5   06:55     08.3     00.0   00.00   01.0     11.0    09:44     ENE
08    63.8   077.4   14:15    50.5   07:42     01.1     00.0   00.00   00.9     08.0    14:06     SSE
09    61.5   066.7   15:04    57.6   04:31     03.4     00.0   00.00   00.5     09.0    23:49      E 
10    68.6   079.1   14:38    59.2   02:42     00.0     03.7   00.01   01.4     11.0    18:25      SE
11    69.7   080.3   16:26    63.4   00:00     00.0     04.8   01.00   02.7     23.0    06:25     SSE
12    62.5   072.4   14:49    53.4   07:19     02.4     00.0   00.00   02.7     20.0    17:43     WSW
13    60.3   074.8   17:14    44.6   06:57     04.7     00.0   00.00   00.8     14.0    14:34     WSW
14    67.4   084.7   14:22    47.6   07:24     00.0     02.5   00.00   00.6     12.0    16:40     SSE
15    75.0   086.8   14:15    57.6   07:19     00.0     10.1   00.00   00.9     11.0    12:41     WSW
16    71.0   084.1   16:16    58.8   06:41     00.0     06.1   00.00   00.4     07.0    12:54      SW
17    71.2   081.4   15:41    61.7   04:13     00.0     06.3   00.00   00.5     09.0    15:08      SE
18    75.2   088.1   15:08    60.2   07:03     00.0     10.2   00.00   00.5     08.0    11:30     WSW
19    74.4   086.0   16:25    65.1   10:25     00.0     09.4   00.08   00.5     08.0    15:01      NW
20    76.3   086.9   13:52    65.5   07:10     00.0     11.4   00.00   00.7     09.0    14:50      W 
21    58.3   071.4   00:01    50.3   00:00     06.6     00.0   00.17   01.1     11.0    11:40     NNE
22    54.8   064.0   14:29    47.0   00:00     10.2     00.0   00.00   00.9     12.0    09:08     NNE
23    58.4   073.7   14:21    42.4   06:47     06.5     00.0   00.00   00.6     08.0    16:39     ESE
24    65.4   079.7   15:07    49.1   05:09     00.0     00.4   00.00   00.8     11.0    13:44      SW
25    68.9   081.8   14:42    54.6   07:04     00.0     03.9   00.00   00.7     10.0    15:49      N 
26    67.4   079.2   14:30    58.1   06:19     00.0     02.4   00.00   01.8     13.0    17:31     ESE
27    68.0   080.1   13:16    57.9   06:54     00.0     03.0   00.00   01.6     11.0    09:40      SE
28    68.1   077.2   16:36    59.1   06:18     00.0     03.1   00.00   01.0     10.0    15:27      SE
29    68.9   081.4   14:57    55.4   04:31     00.0     04.0   00.00   00.9     09.0    14:17      SE
30    67.4   079.5   12:58    59.6   05:47     00.0     02.4   00.53   00.6     09.0    15:22     SSE
--------------------------------------------------------------------------------------------------------
65.6 (65.6)   88.1  day 18     37.6  day 06   078.9    097.5   02.11   01.1     23.0   day 11     SSW
Max >  86: 4
Min <  86: 30
Max Rain: 1.00 ON 11-04-24
Days of Rain: 6 (> .008in) 5 (> .08in) 1 (> 0.8in)