NOAA-Style Climate Reports

Select a Year or Month report
2024: Jan Feb Mar Apr May Jun Jul Aug Sep Oct Nov Dec

Report for 2024 March

Daily NOAA report



                            MONTHLY CLIMATOLOGICAL SUMMARY for MAR. 2024

NAME: Graniteville3.9 ENE   CITY: Graniteville STATE: South Carolina
ELEV: 490 LAT: 033:34:32 LONG: 0081:47:23

                            TEMPERATURE ( °F), RAIN (in.), WIND SPEED (mph)

                                               HEAT     COOL           AVG
      MEAN                                     DEG      DEG            WIND                       DOM
DAY   TEMP    HIGH   TIME     LOW    TIME      DAYS     DAYS    RAIN   SPEED    HIGH    TIME      DIR
--------------------------------------------------------------------------------------------------------
01    43.7   046.5   02:53    41.0   07:08     21.3     00.0   00.57   01.5     10.0    07:41      NE
02    53.1   065.8   16:15    44.1   04:11     11.8     00.0   00.02   01.1     05.0    14:47      N 
03    58.2   063.1   16:34    54.1   00:01     06.8     00.0   00.00   01.0     04.0    13:03      N 
04    61.7   074.8   15:04    51.4   02:58     03.3     00.0   00.00   01.3     09.0    12:59     NNE
05    61.9   073.4   13:17    51.3   07:00     03.1     00.0   00.00   01.5     10.0    09:43      E 
06    61.8   068.5   11:07    55.5   00:00     03.1     00.0   01.78   01.4     11.0    03:07     ENE
07    60.8   072.4   13:27    51.9   04:45     04.1     00.0   00.00   01.3     10.0    13:19     NNE
08    59.8   065.6   14:49    53.0   00:00     05.1     00.0   00.00   02.3     16.0    21:55     ESE
09    65.0   076.4   14:15    52.7   00:30     00.0     00.1   00.66   02.5     17.0    03:00     SSE
10    55.4   063.5   17:08    47.0   09:10     09.6     00.0   00.00   02.8     18.0    14:32      W 
11    49.3   063.8   17:50    32.5   08:02     15.6     00.0   00.00   01.3     09.0    11:48      NW
12    57.5   072.9   15:22    42.2   08:02     07.5     00.0   00.00   01.2     10.0    14:20      NW
13    60.5   075.5   15:12    46.5   06:27     04.4     00.0   00.00   00.9     10.0    15:12     WNW
14    65.1   081.1   14:39    48.0   07:43     00.0     00.1   00.00   00.7     08.0    16:27     ESE
15    63.9   073.4   11:13    55.2   07:29     01.0     00.0   00.09   00.8     08.0    14:13     SSW
16    67.3   078.4   16:14    57.6   08:00     00.0     02.4   00.00   00.9     09.0    00:29     WSW
17    60.5   069.9   16:33    53.0   08:02     04.4     00.0   00.11   01.1     08.0    17:52     WSW
18    55.2   063.5   15:11    45.4   00:00     09.7     00.0   00.01   01.4     15.0    18:50      W 
19    46.1   059.5   17:25    31.4   07:28     18.9     00.0   00.00   01.0     10.0    17:11     WSW
20    56.5   073.3   16:30    39.8   07:57     08.5     00.0   00.00   01.1     12.0    16:32     WSW
21    62.2   077.0   15:00    45.4   08:00     02.7     00.0   00.00   01.0     10.0    00:00      SE
22    58.8   063.5   12:11    55.4   07:22     06.1     00.0   00.76   02.0     15.0    17:27     ESE
23    62.1   069.3   15:16    55.0   00:00     02.8     00.0   00.03   01.3     16.0    14:58      NW
24    51.6   061.5   14:39    41.8   07:45     13.3     00.0   00.00   02.1     15.0    12:59      NE
25    52.1   064.0   16:30    39.6   07:49     12.8     00.0   00.00   01.8     12.0    17:56      E 
26    63.0   073.7   15:55    54.3   07:38     01.9     00.0   00.05   02.7     16.0    13:26      SE
27    59.8   064.9   08:21    55.8   10:56     05.2     00.0   00.93   01.1     14.0    01:46     SSE
28    59.4   069.9   14:45    50.1   00:00     05.5     00.0   00.01   01.1     12.0    11:04     NNW
29    55.4   070.5   14:50    37.8   07:46     09.5     00.0   00.00   00.7     11.0    13:09      W 
30    62.0   078.1   14:50    46.6   05:52     02.9     00.0   00.00   00.9     12.0    16:24     SSW
31    66.4   081.1   15:05    50.5   07:13     00.0     01.5   00.00   00.7     11.0    14:07      SW
--------------------------------------------------------------------------------------------------------
58.6 (58.7)   81.1  day 31     31.4  day 19   201.1    004.1   05.89   01.4     18.0   day 10      S 
Min <  86: 31
Max Rain: 1.78 ON 6-03-24
Days of Rain: 12 (> .008in) 7 (> .08in) 2 (> 0.8in)