NOAA-Style Climate Reports

Select a Year or Month report
2024: Jan Feb Mar Apr May Jun Jul Aug Sep Oct Nov Dec

Report for 2024 February

Daily NOAA report



                            MONTHLY CLIMATOLOGICAL SUMMARY for FEB. 2024

NAME: Graniteville3.9 ENE   CITY: Graniteville STATE: South Carolina
ELEV: 490 LAT: 033:34:32 LONG: 0081:47:23

                            TEMPERATURE ( °F), RAIN (in.), WIND SPEED (mph)

                                               HEAT     COOL           AVG
      MEAN                                     DEG      DEG            WIND                       DOM
DAY   TEMP    HIGH   TIME     LOW    TIME      DAYS     DAYS    RAIN   SPEED    HIGH    TIME      DIR
--------------------------------------------------------------------------------------------------------
01    45.7   060.7   14:09    32.6   07:15     19.3     00.0   00.00   00.5     08.0    15:33     SSE
02    51.3   069.5   14:24    37.8   08:10     13.7     00.0   00.00   00.5     09.0    23:52      SW
03    49.9   059.7   14:02    42.5   07:46     15.0     00.0   00.00   01.5     14.0    10:20     ENE
04    44.3   050.9   15:10    37.6   07:48     20.6     00.0   00.17   02.1     16.0    15:57     ENE
05    45.5   055.6   16:55    40.9   09:39     19.4     00.0   00.36   01.4     13.0    04:23      NE
06    45.2   057.1   14:23    36.9   07:39     19.8     00.0   00.00   01.6     15.0    13:24     NNE
07    42.5   055.8   14:53    32.3   07:51     22.4     00.0   00.00   01.4     10.0    08:42     NNE
08    46.5   059.1   15:27    32.9   07:37     18.5     00.0   00.00   01.2     07.0    08:44     ENE
09    52.9   062.9   12:57    44.6   06:04     12.0     00.0   00.00   01.0     04.0    12:11      N 
10    60.5   071.4   11:55    51.4   07:16     04.5     00.0   00.00   01.1     07.0    11:35      N 
11    61.9   064.0   13:23    58.8   03:35     03.1     00.0   00.00   01.4     11.0    13:09      S 
12    58.7   062.3   00:08    56.8   16:30     06.2     00.0   01.85   01.7     16.0    16:13      SE
13    51.6   059.8   00:02    42.5   22:17     13.3     00.0   00.00   02.9     18.0    05:15      W 
14    52.5   064.6   13:51    35.2   06:03     12.5     00.0   00.00   01.2     05.0    11:35      N 
15    53.9   069.1   14:03    41.4   07:43     11.0     00.0   00.00   01.3     12.0    17:03      NW
16    56.0   068.2   13:30    44.6   07:39     08.9     00.0   00.00   01.1     04.0    14:54      N 
17    53.2   058.3   11:39    43.6   00:00     11.7     00.0   00.00   01.4     10.0    16:02     WNW
18    41.9   049.3   15:34    35.5   07:21     23.0     00.0   00.00   01.1     09.0    08:48      N 
19    42.8   056.0   15:54    33.1   04:51     22.2     00.0   00.00   01.2     11.0    10:37     NNE
20    45.8   061.6   13:47    31.2   05:45     19.1     00.0   00.00   01.3     09.0    14:59      NE
21    48.3   061.6   14:37    36.1   07:40     16.6     00.0   00.00   01.2     08.0    09:46      NE
22    54.7   068.8   14:10    41.0   07:21     10.2     00.0   00.00   01.5     11.0    09:49      S 
23    60.6   070.7   13:34    49.7   00:00     04.3     00.0   00.00   02.4     17.0    13:49     WSW
25    46.8   057.0   16:20    39.8   06:43     18.2     00.0   00.00   01.0     03.0    17:13     NNW
26    56.0   073.2   14:12    39.5   07:04     08.9     00.0   00.00   01.8     13.0    13:22     SSE
27    61.0   069.7   16:39    51.0   03:29     03.9     00.0   00.00   01.9     14.0    10:56     SSE
28    63.2   075.2   15:35    51.9   00:00     01.7     00.0   00.00   02.0     15.0    13:43     SSW
29    47.9   056.3   13:53    39.9   06:32     17.0     00.0   00.00   01.5     10.0    11:24      NE
--------------------------------------------------------------------------------------------------------
51.5 (52.0)   75.2  day 28     31.2  day 20   377.2    000.0   02.76   01.4     18.0   day 13      NE
Min <  86: 28
Max Rain: 1.85 ON 12-02-24
Days of Rain: 3 (> .008in) 3 (> .08in) 1 (> 0.8in)