NOAA-Style Climate Reports

Select a Year or Month report
2024: Jan Feb Mar Apr May Jun Jul Aug Sep Oct Nov Dec

Report for 2024 January

Daily NOAA report



                            MONTHLY CLIMATOLOGICAL SUMMARY for JAN. 2024

NAME: Graniteville3.9 ENE   CITY: Graniteville STATE: South Carolina
ELEV: 490 LAT: 033:34:32 LONG: 0081:47:23

                            TEMPERATURE ( °F), RAIN (in.), WIND SPEED (mph)

                                               HEAT     COOL           AVG
      MEAN                                     DEG      DEG            WIND                       DOM
DAY   TEMP    HIGH   TIME     LOW    TIME      DAYS     DAYS    RAIN   SPEED    HIGH    TIME      DIR
--------------------------------------------------------------------------------------------------------
01    45.6   059.3   14:01    36.8   07:31     19.4     00.0   00.00   00.6     10.0    21:15      SW
02    38.2   051.9   13:40    27.8   06:55     26.7     00.0   00.00   00.4     07.0    15:49     WNW
03    39.6   048.8   15:24    30.1   07:44     25.4     00.0   00.00   00.3     05.0    12:31     WSW
04    41.4   053.3   13:59    31.9   06:31     23.5     00.0   00.00   00.9     10.0    11:18     NNW
05    42.1   053.4   13:15    30.6   06:41     22.8     00.0   00.00   01.7     12.0    23:24     ENE
06    47.7   054.2   11:08    41.2   05:18     17.3     00.0   00.78   01.5     12.0    03:48     ESE
07    44.6   054.0   12:56    35.2   23:56     20.3     00.0   00.00   01.6     14.0    10:28      W 
08    41.4   049.1   14:49    33.2   02:38     23.5     00.0   00.00   01.8     14.0    21:48     ENE
09    54.5   065.4   16:00    43.0   01:13     10.5     00.0   01.20   03.9     23.0    10:37     SSE
10    43.4   051.0   15:52    36.2   23:59     21.5     00.0   00.00   01.8     23.0    01:14     WSW
11    43.2   057.2   14:08    31.8   07:46     21.8     00.0   00.00   00.4     08.0    14:08      S 
12    49.7   065.3   21:48    35.9   06:04     15.3     00.0   00.78   02.0     16.0    17:31      SE
13    45.1   055.1   00:07    36.1   20:50     19.9     00.0   00.00   01.9     15.0    08:57      W 
14    43.5   058.7   14:19    29.6   07:56     21.4     00.0   00.00   00.7     10.0    13:27      W 
15    50.5   064.5   14:30    38.4   07:54     14.4     00.0   00.00   00.5     07.0    15:39      S 
16    43.4   049.4   00:06    29.7   00:00     21.5     00.0   00.01   00.9     13.0    12:42      W 
17    30.4   041.4   16:09    20.6   07:53     34.5     00.0   00.00   00.7     07.0    16:21     WNW
18    39.2   054.6   13:45    26.0   03:32     25.7     00.0   00.00   00.5     08.0    15:23      S 
19    44.4   054.7   12:33    30.0   00:00     20.5     00.0   00.01   01.9     20.0    12:29      W 
20    30.1   038.4   14:22    23.4   00:00     34.8     00.0   00.00   01.0     10.0    14:39      NW
21    27.9   041.0   13:59    14.9   07:05     37.0     00.0   00.00   00.7     10.0    10:36     NNE
22    38.8   053.6   16:08    24.2   06:01     26.1     00.0   00.00   00.9     10.0    10:10      E 
23    50.6   058.6   16:10    42.8   00:01     14.3     00.0   00.01   01.0     09.0    03:53      E 
24    61.2   066.5   15:39    52.9   00:04     03.7     00.0   00.17   01.2     09.0    22:24      SE
25    69.0   076.6   14:15    65.0   01:45     00.0     04.1   00.01   01.9     10.0    23:52     SSE
26    67.9   076.2   13:04    60.5   00:00     00.0     03.0   00.00   00.8     10.0    00:03      S 
27    64.9   072.8   15:36    59.8   06:44     00.0     00.0   00.23   00.8     10.0    21:59      SE
28    53.8   065.1   01:05    44.7   00:00     11.1     00.0   00.00   02.8     17.0    12:17      W 
29    47.8   059.3   14:13    40.0   07:52     17.2     00.0   00.00   01.3     10.0    11:36     WNW
30    46.2   060.0   14:02    34.9   04:33     18.8     00.0   00.00   00.9     12.0    09:27      SE
31    45.8   053.9   12:02    38.0   23:16     19.1     00.0   00.07   00.8     15.0    11:42      N 
--------------------------------------------------------------------------------------------------------
46.2 (46.6)   76.6  day 25     14.9  day 21   588.1    007.1   03.24   01.2     23.0   day 09      SW
Min <  86: 31
Min <  23: 2
Max Rain: 1.20 ON 9-01-24
Days of Rain: 10 (> .008in) 5 (> .08in) 1 (> 0.8in)